ime?
True
Let g = -5 - -4. Let m(o) = 13*o**2 - 13. Let r(h) = 7*h**2 - 6. Let k(s) = -6*m(s) + 13*r(s). Is k(g) composite?
False
Suppose -2103 = -2*u + 403. Is u a composite number?
True
Let u = -88 + 215. Is u a prime number?
True
Let d(n) = -n**3 - 5*n**2 - n. Let m be d(-5). Suppose u = -4*q + 274, 2*u = m*q - 0*u - 349. Is q prime?
False
Suppose -12*m + 16940 = -2080. Is m composite?
True
Let u(v) be the second derivative of -3*v**5/20 - v**4/2 + 3*v**3/2 + 7*v**2/2 + 3*v. Let f be u(-6). Suppose -3*c + f = 2*c. Is c a prime number?
False
Let f(o) = -2*o + 5. Let v be f(-6). Suppose -10 + 1 = -j - 4*x, -v = -4*j + 3*x. Suppose -59 = -j*y + 111. Is y prime?
False
Suppose 12 = -4*f - 5*c + c, -4*f + 5*c = -33. Suppose 5*m = -f*k + 21, -k + 8 = m + 2. Suppose 5*n - k*z = 437, -5*n + 348 = -n - 2*z. Is n a prime number?
False
Let d be 3/12 - 982/(-8). Let x = d + 82. Is x prime?
False
Suppose 3*w + 2*c = -2*c - 51, 5*w + 3*c = -74. Let s = -22 - w. Let k = 40 - s. Is k a prime number?
False
Let z(g) = -3*g**3 - 5*g**2 + 11*g + 13. Is z(-6) a prime number?
False
Suppose -1669 + 443 = -2*x. Is x prime?
True
Let s = -9 - -5. Let g(i) = -i**3 - 5*i**2 - 6*i - 5. Let r be g(s). Let u(k) = 9*k**2 + 2*k + 2. Is u(r) composite?
False
Let j(g) = 55*g - 22*g + 56*g - 1. Is j(4) composite?
True
Suppose 0*o - 2*n = -2*o + 28, -3*n = -2*o + 24. Let a be ((-16)/(-6))/((-5)/(-15)). Is a/(-36) + 706/o a composite number?
True
Suppose 0 = 2*u + 3*n + 2 + 3, 3*n + 9 = -3*u. Is (1 + (-34)/u)*2 a prime number?
True
Let p(w) be the second derivative of 7*w**4/6 + w**3/3 - w**2/2 + 2*w. Is p(1) prime?
False
Let n be 1 - (29/(-1))/1. Let k = -17 + n. Is k a prime number?
True
Let m be -7*(0 - -1 - 0). Let f be 4/(-14) - 520/m. Is (-2 + 15/6)*f a composite number?
False
Suppose -2*f - 5*b = -642, -2*f + 3*f - 327 = -b. Is f a prime number?
True
Let u = 79 - 33. Suppose 44 = -5*m - u. Is 1/(-3) - 564/m a prime number?
True
Let s(a) = -70*a + 7. Let k(c) = -c + 1. Let u(h) = -6*k(h) + s(h). Is u(-1) prime?
False
Suppose s = t - 15, -5*s = t + 2*t - 85. Suppose -4*z - z + t = 0. Suppose -3*y = y - 5*q - 99, -4*y + z*q = -104. Is y a composite number?
False
Let r be ((-30)/12)/((-2)/20). Let u = 21 + r. Is u prime?
False
Suppose -4*k + 37 = f - 350, 393 = 4*k - 5*f. Suppose q - k - 190 = 0. Is q a prime number?
False
Let j(a) = 15*a - 5. Let z(o) = 14*o - 4. Let c(p) = -5*j(p) + 6*z(p). Suppose 4*t - 10 = -t. Is c(t) composite?
False
Is (-100)/(-4) - (1 - 1) composite?
True
Suppose -304 + 49 = 5*u. Let l = 93 - u. Suppose 0 = k + 2, -4*m + 2*k + l = -0*m. Is m composite?
True
Let v(h) = -h**3 + 6*h**2 - 4*h - 3. Let d be v(5). Suppose -2*k = 4*u - 72, -3*k + 3*u = d*k - 115. Is k prime?
False
Suppose 5*i + 2*u - 2393 = 0, -2*i + 2*u + 961 = -u. Is i prime?
True
Let b = 2 - -6. Suppose 4*o + b = -5*j, j + 16 = 3*o + o. Suppose 0 = -2*s + o*h + 677, 5*s - 779 = -h + 871. Is s prime?
True
Suppose 154 = -2*w - 452. Let j = w - -438. Let m = -96 + j. Is m a composite number?
True
Let w(r) = r**2 - 3*r - 7. Let b be w(7). Is 3/7 - (-2658)/b composite?
False
Let t(c) = -3*c**2 + 2*c - 519. Let p(b) = 10*b**2 - 6*b + 1557. Let m(r) = -2*p(r) - 7*t(r). Is m(0) a composite number?
True
Let y = 115 - -442. Is y composite?
False
Suppose -5*k - 17*i + 16*i = -21598, -3*k - 4*i = -12969. Is k a prime number?
False
Suppose 0*w - 2*w = 6. Let m = w - -5. Suppose 3*p = 3*c + 54, c + 37 = m*p - 0*c. Is p composite?
False
Suppose -3*d + 3*p = -8*d + 1386, 5*d - 1376 = 2*p. Let f = 485 - d. Is f composite?
True
Let y = -6 + 7. Suppose 5*v = 4*u - y, 2*v - 5*u + 17 = v. Suppose -6*x - 255 = -v*c - 3*x, -2*x = -8. Is c composite?
False
Suppose 2*b + 91 = 3*b. Suppose -3*n + 328 = b. Is n a prime number?
True
Let n be (50/4)/(2/4). Let k = n - -34. Is k composite?
False
Let d(g) = -12*g**3 - g**2 - 1. Let y be d(-2). Let l = -54 + y. Is l composite?
False
Suppose -6*k = -k + 10. Is -1 + (-3 + -55)*k a prime number?
False
Suppose -4*z + 1936 = -3*t, 3*z - z - 990 = -4*t. Is z a prime number?
True
Let u = 252 - 161. Is u a prime number?
False
Suppose -5*p + 670 + 2099 = c, -4*p = -2*c - 2204. Is p a prime number?
False
Let u = -29 - -62. Is u a prime number?
False
Suppose -4*v - 5*h + 4504 = -3*h, 5*h + 3378 = 3*v. Suppose -n - v = -2*d - 5*n, 4 = -4*n. Is d a prime number?
False
Suppose 771 = 4*c - k - 1073, 1383 = 3*c - 4*k. Let q = -302 + c. Is q prime?
False
Let z(w) = w**2 + 6*w - 3. Is z(-14) a prime number?
True
Suppose -7*d = -12*d + 10. Suppose -2*y + d + 108 = 0. Is y composite?
True
Suppose 7*b = 8*b - 3941. Is b a composite number?
True
Let t be (3/(-2))/((-3)/68). Let p = t + -24. Is p composite?
True
Let z = 7 - 8. Is (-307)/((z - -2)/(-1)) composite?
False
Let w be (1 + 2)*10/5. Suppose -5*r + w*r = 11. Is r a composite number?
False
Let v be 6/(-18) - (-20)/6. Suppose -j - 16 = -v*j. Suppose -2*b = u - j - 165, 0 = -b + u + 94. Is b a composite number?
False
Let g = 5 + 20. Suppose 4*j = -l + 90, -2*j + l = -23 - g. Is j prime?
True
Suppose 2*j + 4*c - 950 = 0, 496 = j - c - 4*c. Is j prime?
False
Is (19/(-1))/(2/(-14)) composite?
True
Let z = 149 - -238. Suppose l = -3*l + j + z, 5*l = 4*j + 470. Suppose -5*u = -167 - l. Is u a composite number?
False
Suppose -4*l - 3*v = -0*l - 9, -5*l - 5*v + 10 = 0. Suppose -5*g + l = -7. Suppose -3*n - 4*b + 19 = 0, -4*n - g*b + 77 = -7*b. Is n composite?
False
Suppose 0 = 2*w - 7*w + 3695. Is w composite?
False
Let w(f) = -32*f + 1. Suppose 2*y = -j - 2*y + 4, -5*j + 2*y - 46 = 0. Is w(j) prime?
True
Let c = 38 + 8. Suppose -3*k - c = -4*k. Let y = k - 25. Is y a prime number?
False
Let l be 14/8 + (-1)/(-4). Suppose l + 0 = 2*u, 5*h - 170 = -5*u. Is h prime?
False
Is (-2 - 44/12)*-15 a prime number?
False
Suppose 5*w = w + 16. Suppose -w*i = -2*l + 44, -3*l + 42 = -5*i - 20. Let g = -8 + l. Is g a composite number?
True
Let w = 0 + 0. Suppose w = -2*v + v - 42. Let g = -19 - v. Is g composite?
False
Let f = 212 + 117. Is f prime?
False
Let s(n) = -5 + 3*n**2 - 4*n + 4 - 4*n**2 + 15*n. Is s(8) composite?
False
Suppose a + a = -g + 5, 2*a - 2*g = 14. Suppose a*p - 66 = 2*p. Is p a composite number?
True
Let u be (-220)/30*(-3)/2. Suppose 0 = -2*c + u + 19. Is c a composite number?
True
Suppose -t + 1 = -1. Is t a prime number?
True
Let z(p) be the third derivative of -p**4/24 - p**3/3 + p**2. Is z(-5) a composite number?
False
Let d be -2 + (-1 - -6) - 55. Let f = d - -105. Is f composite?
False
Let z(t) = -6*t - t**3 + 0 + 15*t - t**2 - 8*t**2 - 4. Is z(-11) prime?
True
Let y be 3/(-9) - 894/(-9). Let t = 166 - y. Is t composite?
False
Let q = -4 + 8. Suppose -3*p = -2*t + 350 - 119, -5*t + q*p = -567. Is t a composite number?
True
Suppose -2820 = -6*s + 5*s - l, 5*s = l + 14070. Is s a composite number?
True
Let a be 10/(-3)*(-9)/6. Let y(p) = 4*p**3 - 6*p**2 + 3*p. Is y(a) prime?
False
Suppose -6*a + 1640 = -2*a - 3*d, 0 = -3*a + 5*d + 1219. Is a a prime number?
False
Is 2/(-8) - (-625)/20 composite?
False
Let s(t) = -31*t + 3. Let f = 55 + -37. Suppose 5*d + 25 = 0, -5*d - 3 = -q + f. Is s(q) a prime number?
True
Let v(t) = -t**2 + 11*t + 8. Let s be v(12). Is s/(-14) - 1653/(-21) a prime number?
True
Let j be (-2)/(-6) - 31/3. Suppose 9*l - 8*l = 25. Let f = j + l. Is f a composite number?
True
Let z = 531 - 88. Is z a composite number?
False
Suppose 0 = -b - 2*b - 3*s + 318, -3*b + 304 = -4*s. Suppose b = 3*k - 163. Is k a prime number?
True
Let m(u) = u - 5. Let w be m(5). Suppose -3*d + w*d = -3*p + 489, 3*p = -4*d + 475. Is p a composite number?
True
Let s(m) = m - 3*m**2 + 7 + m**2 + 3*m**2 - 1. Is s(0) a prime number?
False
Let p = 1 + 0. Suppose 3*s = -10 + p. Let j = 35 - s. Is j composite?
True
Is (-3)/((-9)/3)*4 - -951 a prime number?
False
Let y(j) = -15*j - 5. Is y(-6) a composite number?
True
Let l(p) = -5*p + 4*p + 3*p. Let r be l(-2). Let h(u) = -3*u - 6. Is h(r) a composite number?
True
Let h(t) be the second derivative of -53*t**3/6 - t**2/2 - 3*t. Is h(-4) composite?
False
Suppose -2*k - 214 = 436. Let t = k - -456. Is t composite?
False
Suppose -5*w + 3*w + 6 = 0. Let m be (64/6 + 3)*w. Let d = m - 22. Is d prime?
True
Is 4/26 - 1335/(-195) a prime number?
True
Suppose -b = 3*r + 9, 3*b - r - 3 = -b. Suppose b =